 + 19, 14 = -4*q - 3*o + o. Give j(q).
-8
Let n(t) be the first derivative of -t**3/3 - 13*t**2/2 - 17*t + 25. Determine n(-11).
5
Let i(t) = -t**2 - 35*t + 155. Let z be i(-39). Let a(x) = 4*x + 1. Give a(z).
-3
Suppose -274 + 196 = -26*s. Let p(w) be the first derivative of 4*w - 2 + 1/3*w**s + 5/2*w**2. Give p(-5).
4
Suppose -3*i - 2*u + u = 42, 0 = -3*i + u - 42. Let h = 18 + i. Let n(r) = r**3 - 4*r**2 + r. What is n(h)?
4
Let m(z) = z**2 + 4*z. Let l(s) = s**2 + 9*s - 42. Suppose 0 = -i - 2*k - 2, -5*i - 35 = -0*k + 5*k. Let h be l(i). Determine m(h).
12
Let s = 0 - -3. Suppose s*g - 4 = g, 5*i = 5*g - 30. Let m(t) = 1900*t - 27 + 30 - 1898*t. What is m(i)?
-5
Let m(l) = l**2 - 14*l - 15. Let g be m(15). Suppose g = -2*t - 9 - 3. Let d(k) = -k**3 - 5*k**2 + 5*k + 2. Give d(t).
8
Let r(o) be the third derivative of -o**4/24 + 5*o**3/6 + 4*o**2. Let k be 0/(3*(-6)/9). What is r(k)?
5
Let p(l) = -l**3 - 8*l**2 + 10*l + 11. Let j be p(-9). Suppose 1 = -5*k + 5*c + 11, k - 3*c = j. Let f(y) = -y - 10*y**2 - 7*y**k + 8 + 18*y**2. What is f(0)?
8
Let h be 24/(-16)*(-2 + 0). Let q = 11 - 0. Let m(i) = -3*i**3 - i**2 - 7*i - 2. Let t(s) = 8*s**3 + 3*s**2 + 20*s + 6. Let f(y) = q*m(y) + 4*t(y). Give f(h).
-7
Suppose 12 = 3*k - 9. Let q(g) = 2*g + g**3 - 3*g**2 - 3 + 2 + 6*g - 5*g**2. What is q(k)?
6
Let c(y) be the third derivative of -y**6/240 - y**5/60 - y**4/2 - 10*y**2. Let o(f) be the second derivative of c(f). Determine o(5).
-17
Let f(h) = 2*h**3 - h**2. Let q(d) = -3*d**3 + d**2. Let u(l) = -2*f(l) - 3*q(l). Suppose -6*j = 15*j - 21. What is u(j)?
4
Let i(o) = o**2 + 16*o + 19. Suppose -24*p - 216 = -6*p. What is i(p)?
-29
Let i(h) = -5*h**2 + 2*h + 2. Let q = -666 + 664. Give i(q).
-22
Let t(f) be the third derivative of f**5/60 - f**4/8 - 7*f**3/6 - 9*f**2 - 6*f. Determine t(3).
-7
Let b(m) be the first derivative of -9/2*m**2 + 0*m - 7/3*m**3 + 20 - 1/4*m**4. What is b(-6)?
18
Suppose -98*g = -96*g - 10. Let r(d) be the second derivative of 0 - 1/2*d**2 + 1/4*d**4 - d + 1/20*d**g + 1/2*d**3. Give r(-3).
-10
Let a(p) = p**2 - 12*p - 114. Let n be a(18). Let s(w) = w**2 + 3*w - 1. What is s(n)?
17
Let k(u) be the third derivative of -u**5/60 + 5*u**4/12 - 7*u**3/6 - 73*u**2. Give k(9).
2
Let s(c) be the third derivative of 3*c**5/20 - c**4/24 + 16*c**2. Let v be 20/15*(-12)/(-16). What is s(v)?
8
Let i(t) = -t**2 + 4*t + 2. Let o be ((-8)/(-7))/(-6 - (-352)/56). What is i(o)?
2
Let k(c) = -2*c - 13. Let b be (1 - 11)*4/(-10) + -13. Give k(b).
5
Let y(c) be the first derivative of c**2/2 - 126. Let z(g) = 7*g + 1. Let n be z(-1). Let h = n + 12. Give y(h).
6
Let p(z) = 3 - z**2 + 1032*z + 1 - 1043*z. Calculate p(-10).
14
Suppose -t = -3 + 2. Let a(h) = 11*h**2 - 19*h + 13. Let f(p) = -32*p**2 + 54*p - 37. Let o(x) = -17*a(x) - 6*f(x). Determine o(t).
5
Let p be 2/(-3 + 100/36). Let z = -8 - p. Let v(c) = z - 2*c - c - 5 + 2*c. Determine v(0).
-4
Let l(a) = a**3 + 6*a**2 - 8*a - 6. Let p = 16 - 14. Let w be 2 + -2*(-21)/p. Suppose -3*x + 2 = w. What is l(x)?
1
Let i(m) be the first derivative of m**4/4 + m**2/2 + m + 553. Let k(t) = t + 2. Let c be k(-2). What is i(c)?
1
Let p(d) be the third derivative of d**7/5040 - d**6/360 - 3*d**5/20 - 11*d**2. Let f(n) be the third derivative of p(n). Determine f(-5).
-7
Suppose 0 = -14*t + 4*t + 5*t. Let h(n) be the first derivative of -n**2/2 - 8*n + 5. Give h(t).
-8
Let d = 32 + -32. Suppose 3*n - 16 = 5*y - 93, d = -3*y + 2*n + 46. Suppose x - 5*q = 8, -x - 3*q = 4*x + y. Let a(k) = -2*k**3 - 4*k**2 - 2*k. Give a(x).
4
Let m(l) = -l**2 + 2*l + 3. Let n(w) = 2*w. Let o be n(4). Suppose 4*x - o = -0*x. Suppose -12 = -x*i - i. Determine m(i).
-5
Suppose 2*b = -3*r + 16, -5*b + 8 = -4*r - 9. Suppose 4*x - b*x - 6 = 0. Let n(c) = -2*c + 5*c - 2*c + 12. Determine n(x).
6
Let y(w) = w + 13. Let b be y(-3). Let x(r) = -r**2 + 9*r + 1. Give x(b).
-9
Let z be -2 + 1 + 11 + (-354)/59. Let k(s) be the second derivative of -2*s**3/3 + s**2/2 + s. Determine k(z).
-15
Suppose 8*i - 57*i - 882 = 0. Let c(a) = a + 22. Determine c(i).
4
Let b(i) = i**3 - 4*i**2 - 6*i + 1. Let d(p) = 6*p + 70. Let n be d(-11). Calculate b(n).
-23
Let i(q) = -5*q + 6*q + 1 + 5*q**2 + q - 4*q. Determine i(1).
4
Let b(z) = -2*z**3 + 2*z**2 + 3*z - 6. Let k(f) = -5*f**3 + 6*f**2 + 9*f - 17. Let r(a) = -8*b(a) + 3*k(a). Give r(-4).
-47
Let l(z) be the second derivative of -z**3/6 - 6*z**2 + z - 44. Determine l(-8).
-4
Let x(a) be the second derivative of a**5/20 - a**4/3 - 2*a**3/3 - 5*a**2 - 883*a. Give x(5).
-5
Let d = -101 - -103. Let r(q) = -6*q**d - 5*q + 2 + 7 - 5 - q**3. Let b = 0 + -5. Give r(b).
4
Suppose 0*a + 18 = 3*a + 3*x, -3*a = -4*x + 17. Let o(k) be the first derivative of 2/3*k**3 + k + 0*k**2 - 13. Give o(a).
3
Suppose -v + 3*o = 2 - 0, -2*v = 2*o - 28. Let h be (25/v)/(5/4). Let j(z) = -5*z - 2. Determine j(h).
-12
Suppose -5*b = -6 - 29. Let c(y) be the first derivative of -y**2/2 + 13*y + 145. Determine c(b).
6
Let l(d) = -13*d**2 - 24*d + 5. Let r(q) = -3*q**2 - 6*q + 1. Let w(b) = -2*l(b) + 9*r(b). Suppose 43*t + 209 - 80 = 0. Determine w(t).
8
Let f(q) = -11*q**2 + 2*q + 4. Let z(v) = -31*v**2 + 6*v + 11. Let n(j) = -17*f(j) + 6*z(j). Determine n(-4).
6
Let k(j) = 5*j - 14. Suppose 98 = -17*m + 166. What is k(m)?
6
Suppose 0 = c - 3 + 2. Let w(m) = -2*m - c + 0 - 2 + 4*m. Suppose 4*o - o + 3 = -q, o = 3*q - 11. Give w(q).
3
Let j(c) = 5*c - 7. Let s be (1 - (-18)/(-14)) + 37/7. Determine j(s).
18
Let f(m) = -7 - 4*m - 4 + 10*m. Let o(i) = i - 2. Let c(y) = 2*f(y) - 11*o(y). Determine c(-2).
-2
Let n(l) = -2*l - 14. Let d = 2 - 14. What is n(d)?
10
Suppose -3*p - 6 = -2*p. Let l(x) = x**3 + 15*x**2 + 14*x + 7. Let a be l(-14). Let i(w) = -a + 3*w + 6*w - 4*w - 6*w. Determine i(p).
-1
Let n(p) = 2*p + 5. Let g(w) = w - 1. Let z(m) = 4*g(m) + n(m). Let i = -8306 - -8304. Calculate z(i).
-11
Let h be -356*((-7)/4)/7. Let o = h - 84. Let y(r) = -4*r + r**2 + 0 - 1 - 2. Give y(o).
2
Suppose p = 2*k - 1, 2*k = p + 4*p - 11. Let t(w) = -w**3 + 4*w**2 - w - 1. Calculate t(p).
5
Let t(u) be the third derivative of -u**6/120 - 7*u**5/60 - u**4/8 - 5*u**3/6 - 586*u**2. What is t(-7)?
16
Suppose -2*a - 5 = 4*w - 17, -a = 3*w - 4. Suppose z = 6*z + a. Let s(q) = -q**3 - q**2 + 2*q + 3. Determine s(z).
3
Let g(h) = h - 6. Suppose 0 = 4*k + 31*u - 33*u - 12, -u = -4. Give g(k).
-1
Let w(g) = -g**2 + g - 1. Let i(v) = -2*v**2 + 2*v - 1. Let t(y) = -3*i(y) + 7*w(y). Suppose -5*p = 5*f + 10, f = -5*p - 6 - 4. Give t(f).
-4
Let x(n) be the first derivative of -10 - 5/2*n**2 - 2*n. Determine x(-2).
8
Let w(y) = -y**3 - 5*y**2 - 2*y. Let q be (-18)/9*(-2)/4. Let x be 7 + (-4)/(4/q). Suppose x = -2*t, -j + 0*t - 3*t = 13. What is w(j)?
-8
Let l be ((-133)/(-21) - 6) + 7/(-3). Let j(o) = -2*o**2 + o - 1. Determine j(l).
-11
Let q(u) = 2*u + 27. Let f be q(-12). Suppose r - 2 + 6 = 5*g, f*g = -r + 4. Let v(h) = -7*h**3 - 2*h**2 + 2*h - 1. Give v(r).
-8
Let p(a) = -a**2 + 5*a + 6. Let l(z) = 2*z**2 - 5*z - 7. Let v(t) = -2*l(t) - 3*p(t). Suppose -3*h = -5*h + 4. Suppose 16 = -2*o - h*o. What is v(o)?
0
Let p(d) = -d**3 + d**2 - 2*d + 1. Let i(s) = -3*s**3 + 2*s**2 - 3*s + 1. Let g(y) = 2*i(y) - 5*p(y). Let x = -64 + 66. What is g(x)?
-7
Let y(o) = 4*o + 1. Suppose 155*k - 18 = 158*k. What is y(k)?
-23
Let b(h) = -3*h**2 - 4*h - 3. Let g = 86 - 66. Suppose 14 = -3*t + 2*i, 0 = -i - 4*i + g. What is b(t)?
-7
Let u = -10 - -10. Suppose -2*f - 9 + 23 = u. Let l(w) = -3 - 7*w + f + 8*w + w**2. Give l(-3).
10
Let b(o) = 18*o**3 - 2 + 11*o**3 - 36*o**3 + 18*o**2 + 6*o**3. Give b(18).
-2
Let o(f) = f**2 - 7*f + 4. Let n be o(5). Let u(k) be the second derivative of -k**5/20 - 5*k**4/12 + 2*k**3/3 - 4*k**2 + 2*k + 936. Give u(n).
4
Suppose p = 5*m - 14, 3*p + 2*p + m = 34. Suppose 12 = -3*k - 4*u, -k + p*k + 3*u = -20. Let q be k/14 + (-6)/(-21). Let l(v) = -v + 7. What is l(q)?
7
Let b(q) = 1734 - 2*q - 1736 + q. Calculate b(-3).
1
Let r = -424 - -418. Let c(q) = q**2 + 12*q + 15. Determine c(r).
-21
Let q be -3 - 12/(-9)*3. Let g(t) = -7*t**2 + 1. Give g(q).
-6
Let z(h) = -h**2 + 2*h + 3. Let x = 178 + -174. What is z(x)?
-5
Let k(u) = 6*u**2 + 2*u + 3. Let d = -114 + 118. Let a(t) = -2*t - 1 + 3*t + 2. Let h(i) = d*a(i) - k(i). Give h(-1).
